rt 101011100110010001110 (base 2) to base 7.
15100036
-100211112022 (base 3) to base 9
-324468
What is 45ca2 (base 13) in base 9?
213663
Convert -109421 (base 10) to base 2.
-11010101101101101
Convert -102442001 (base 5) to base 10.
-437126
-1675853 (base 11) to base 3
-12100200202210
Convert 517430 (base 10) to base 5.
113024210
What is -8073bd (base 15) in base 7?
-102562510
-2300203 (base 4) to base 3
-120111111
What is -132112230011 (base 4) in base 2?
-11110010110101100000101
Convert -291095 (base 10) to base 9.
-483268
-4470557 (base 9) to base 5
-1104031334
What is -b10e (base 16) in base 8?
-130416
Convert -8307b9 (base 12) to base 7.
-23313243
a2467 (base 16) to base 14
134331
Convert 30380 (base 9) to base 14.
7406
Convert 82995 (base 15) to base 4.
1211003123
Convert 4739b (base 12) to base 6.
2014315
What is -6b3a86 (base 16) in base 5?
-3244333314
-32044431 (base 6) to base 3
-1202201112001
24a5 (base 11) to base 14
128d
What is -921a67 (base 11) in base 16?
-169a8b
What is 5520015 (base 7) in base 13?
1a9262
500050 (base 6) to base 3
1222101010
What is 523695 (base 11) in base 6?
25553532
-1101011011110011011 (base 2) to base 3
-211100212102
-2054203 (base 7) to base 12
-bbb74
-34135303 (base 6) to base 15
-157e0c
-13003323320 (base 4) to base 10
-1851128
What is 123320234 (base 5) in base 10?
604444
Convert -11000110111001010101011 (base 2) to base 11.
-37516a7
What is 1401525 (base 6) in base 3?
10222020022
What is -11520432 (base 6) in base 16?
-59e64
Convert 1665b2 (base 13) to base 14.
106cd9
Convert -51508 (base 9) to base 6.
-421055
What is 382753 (base 9) in base 5?
24403313
Convert 36fa1e (base 16) to base 5.
1410243344
-1235a89 (base 11) to base 5
-1022124143
-1737040 (base 9) to base 11
-602530
Convert -221030003 (base 4) to base 13.
-5ba36
What is 14354 (base 13) in base 10?
37925
What is -289355 (base 11) in base 4?
-1232100300
54103516 (base 7) to base 2
10001100100100111000101
Convert 222211140 (base 6) to base 11.
23024a9
Convert 178a06 (base 15) to base 11.
710837
What is -2026504 (base 10) in base 2?
-111101110110000001000
21040061 (base 7) to base 5
423240012
Convert -1011102121021 (base 3) to base 8.
-2270207
Convert 273580 (base 12) to base 16.
9e670
What is -1001000100101100 (base 2) in base 3?
-1212222110
-321404104 (base 5) to base 12
-55520b
What is -17068 (base 9) in base 6?
-130142
Convert -186b92 (base 12) to base 7.
-3425156
Convert 256d86 (base 14) to base 3.
2102101020102
Convert 1010101010001110011 (base 2) to base 3.
122202011000
What is -20054344 (base 7) in base 5?
-411120032
Convert 20000211020212 (base 3) to base 16.
30e705
What is -11233200033 (base 4) in base 12?
-607153
-200132332 (base 4) to base 15
-29654
What is -104493 (base 10) in base 4?
-121200231
-5803323 (base 10) to base 2
-10110001000110100111011
Convert 2626573 (base 9) to base 6.
50432103
What is -1033201110 (base 4) in base 11?
-202796
Convert 7807636 (base 9) to base 8.
20007325
-1000111011111101001100 (base 2) to base 15
-314222
What is 213196 (base 11) in base 9?
568636
11122122110 (base 3) to base 13
328cb
What is -115277 (base 8) in base 16?
-9abf
What is 7534d6 (base 14) in base 2?
1111001000010001100100
Convert -1a7407 (base 11) to base 2.
-1001101011101010101
What is 2c7aa0 (base 13) in base 6?
35344125
What is -101330230 (base 4) in base 3?
-10201211211
-50463065 (base 7) to base 8
-20013751
4f54c (base 16) to base 5
40344230
Convert -2433432 (base 5) to base 12.
-22831
What is 1340533 (base 9) in base 6?
23432003
327008 (base 15) to base 13
6619ca
Convert 100901 (base 10) to base 15.
1ed6b
Convert -2144514 (base 6) to base 9.
-173201
Convert -119c0 (base 16) to base 7.
-420200
Convert 16504021 (base 7) to base 6.
54340111
Convert -4541045 (base 6) to base 13.
-81161
What is -421545 (base 14) in base 13?
-601b78
-111100010110101110 (base 2) to base 6
-5144302
What is 8a632a (base 11) in base 3?
2201022200211
What is 1310400 (base 7) in base 5?
20430132
Convert -1634146 (base 7) to base 11.
-14572a
6f153 (base 16) to base 13
12c138
Convert -684cc (base 15) to base 5.
-41104332
Convert 7117381 (base 9) to base 7.
44136550
-1512a41 (base 14) to base 15
-d7b552
-110031312 (base 4) to base 10
-82806
Convert -101401615 (base 8) to base 7.
-265645135
Convert -c35b (base 13) to base 2.
-110100101000011
What is -237114 (base 8) in base 16?
-13e4c
Convert 114220543 (base 6) to base 5.
1023231102
Convert 102211320 (base 4) to base 5.
4414102
-2a6214 (base 12) to base 13
-1c09b7
-13133211000 (base 5) to base 16
-f8c703
-3105218 (base 10) to base 3
-12211202120002
1103424 (base 10) to base 11
694023
643168 (base 10) to base 13
196996
Convert 205773 (base 9) to base 10.
122376
What is 10100021100 (base 3) in base 7?
362601
Convert -3276674 (base 9) to base 6.
-101443151
Convert 58124 (base 11) to base 14.
22880
Convert -1230410031 (base 6) to base 3.
-222220222110201
What is 2604286 (base 10) in base 15?
366991
Convert -12102102000220 (base 3) to base 11.
-1699123
-1ebe1 (base 15) to base 2
-11000100011010001
What is 3002337 (base 8) in base 6?
24514355
Convert 1037650 (base 8) to base 2.
1000011111110101000
56b022 (base 15) to base 14
799d1c
Convert 477311 (base 10) to base 12.
1b027b
What is 3219671 (base 10) in base 13?
889640
Convert -4aab1 (base 13) to base 5.
-13404143
Convert -26aaab3 (base 13) to base 9.
-24840554
Convert 10110110110100001 (base 2) to base 4.
112312201
Convert -7650323 (base 10) to base 13.
-177b225
What is -221000011221 (base 3) in base 7?
-4120003
-21002222011 (base 3) to base 2
-100010001010101001
What is -7bb3 (base 12) in base 6?
-143543
630200 (base 7) to base 4
122121233
What is -33212403 (base 6) in base 5?
-223402303
1146488 (base 9) to base 13
189b78
Convert 96407 (base 15) to base 5.
110224112
Convert 3455644 (base 9) to base 12.
760887
Convert 321513 (base 11) to base 7.
4241444
-5c224 (base 16) to base 3
-201011200001
What is -4601262 (base 7) in base 2?
-10001011101000010011
-125412 (base 7) to base 13
-a92c
22201112120 (base 3) to base 16
29ebc
What is -6112336 (base 8) in base 6?
-54310114
What is -3114e (base 15) in base 13?
-55a54
219baa7 (base 12) to base 11
36a04a6
Convert 102000202202110 (base 3) to base 9.
12022673
-7d809c (base 15) to base 3
-102021212200110
Convert -18b1bb2 (base 12) to base 10.
-5208182
What is -1401201123 (base 5) in base 3?
-20122201202120
Convert 23711062 (base 8) to base 15.
6d01b5
Convert -11111000001110011111000 (base 2) to base 16.
-7c1cf8
Convert -346b7a1 (base 13) to base 6.
-1334230050
What is aa7397 (base 12) in base 3?
12002121010021
What is 40560651 (base 7) in base 15?
4704b3
Convert -1093163 (base 10) to base 4.
-10022320223
What is 183667 (base 10) in base 12?
8a357
What is -833707 (base 9) in base 13?
-144304
1c50829 (base 14) to base 6
1223510433
Convert -26487 (base 11) to base 12.
-19a9b
What is -a40c (base 14) in base 4?
-12321030
170a53 (base 14) to base 16
c5741
15626316 (base 7) to base 13
412902
-121234404 (base 5) to base 16
-8b75d
-3bca2 (base 13) to base 7
-644363
15709 (base 15) to base 8
206734
3124103330 (base 5) to base 4
120230022110
-300114331 (base 5) to base 13
-3224b2
-11315 (base 6) to base 3
-2020102
Convert -e188 (base 16) to base 6.
-1123144
-5302556 (base 7) to base 5
-130432023
Convert -101010101110111100111101 (base 2) to base 16.
-aaef3d
1100110000110110 (base 2) to base 5
3133103
Convert -6734 (base 12) to base 13.
-5272
1da7b (base 14) to base 11
52244
Convert 1188172 (base 12) to base 6.
201105022
Convert -fdc (base 16) to base 14.
-16a0
-16c4 (base 15) to base 7
-20212
-51e8 (base 15) to base 16
-43a6
Convert 21331321023 (base 4) to base 9.
4822083
Convert 3cba24 (base 13) to base 9.
2708540
-108912 (base 10) to base 13
-3a75b
What is 10101011010001111100101 (base 2) in base 14?
a61541
Convert -233b42 (base 15) to base 3.
-10011112000222
What is -102120203 (base 5) in base 14?
-b1503
Convert 1a29468 (base 11) to base 10.
3423890
Convert -714044 (base 8) to base 13.
-832a9
143420515 (base 6) to base 4
23111320133
759b3 (base 15) to base 16
5b2c3
Convert 1330323213 (base 4) to base 16.
7cee7
-113324444 (base 5) to base 7
-4323035
Convert -232b68 (base 13) to base 8.
-3136060
What is -1b9abc (base 13) in base 5?
-14